-3 - -1)) - (430 - 383)) + 1?
-53
Calculate -7 + -2 + 15 + (-31 - 22).
-47
What is the value of 1138 + -1259 - (-41 + 7 + -1)?
-86
What is 787 + -735 - (-1 + 4 - (12 + -17))?
44
Calculate (-3 - -4 - 0) + -3 + (-58 - -66).
6
-5 - (-53 + -1 - -47)
2
Calculate (100 - 79) + -60 - -17.
-22
What is -47 + -21 + -23 + 113?
22
Evaluate 1 - (-4 + 5 - (10 + 2 + -4 - -32)).
40
-2 - ((18 - 28) + (-1 - -6) - (35 + 27))
65
Calculate -30 + -177 + (14 - -99).
-94
What is the value of (-13 - (-9 + 8 + 0)) + (383 - 281)?
90
What is 211 + -239 + 5 + (10 - (4 + -3))?
-14
What is (-1 - 1 - (2 + -3)) + (-9 - -9)?
-1
Calculate (103 - 131) + -10 + -65 + -12.
-115
Evaluate -20 + 20 + 26 - 26.
0
What is -34 - 21 - (108 + -119)?
-44
What is -7 - (-2 - 2) - -26 - (754 + -762)?
31
6 - (120 - (163 - 78))
-29
Evaluate -20 + -2 - (-21 - (-51 + 57)).
5
92 + (49 + -56 - (-22 + -1))
108
What is -450 - -465 - (5 + -1) - 46?
-35
What is the value of 0 + -16 + -994 + 979 + -3 + 2?
-32
Evaluate -7 - (14 + -38) - 25.
-8
-126 + 34 - (34 - 49)
-77
What is the value of 16 - 1 - (-13 - (-35 - 30))?
-37
Evaluate -4 + 23 + -74 - -108.
53
(-31 - -41) + (-4 - -8) + 0 - 37
-23
Calculate 45 + (56 - 47 - (0 - -30)).
24
What is the value of 135 + -43 + 22 + -98?
16
Evaluate (31 - 61) + 21 + -3 + -58.
-70
What is 24 - (-4 + 44 + -65)?
49
What is the value of -121 + 59 + 0 - -49?
-13
What is the value of 7 + (-4 - 75) - (14 - (15 + 2 + -7))?
-76
Calculate -11 + 18 + (-10 - (-8 - 22)) + 8 + 8.
43
What is the value of -2 - ((13 - (-51 + -5)) + -21 - 9)?
-41
Evaluate -1 - ((-12 - (57 + -13)) + -6 + -9).
70
What is 1 + (0 - 16) + (-64 + -12 - -80)?
-11
183 - 185 - (-1 + 1 + 7)
-9
Evaluate -25 + 5 + (-17 - (-21 - -3 - -9)).
-28
Evaluate (-57 - (-55 + -15)) + 2 + -3 + 6 + 8.
26
Evaluate 38 - ((2 - (24 + -6) - -11) + -3).
46
What is the value of (21 - 20) + (-21 - -19) + (-47 - 1)?
-49
What is (21 - (9 - 3)) + -20 - 4?
-9
What is the value of (2 - -8) + (32 - ((-3 - 3) + 10)) + -10?
28
What is (2 - (2 - (-105 + 1))) + (-13 + 24 - -1)?
-92
Evaluate -2 - (9 + (-11 + 6 - 4 - -19)).
-21
What is -45 + 20 + -13 - -3 - (0 - -10)?
-45
Calculate -11 + -9 + -38 + -8 - (20 + -26).
-60
(1 - 1) + (-59 - -133 - 52)
22
What is the value of 82 - (-11 + (-25 + 1 - -29))?
88
Calculate -16 + 2 + 0 - (-76 - 3 - -7).
58
What is the value of 5 + 1 - (18 + (15 + -9 - 14) + -2)?
-2
Calculate -15 + 2 - (-85 - 12) - (-10 + 28 - 8).
74
-7 + (10 - (19 - (5 - -6))) + -16
-21
What is -13 + 51 - (185 - 140)?
-7
Calculate (2 - -1) + -2 + -8 - (461 + -406).
-62
6 + -133 - (13 + 17 + -14 + -16 + 0)
-127
10 + 10 + -1 + -38 - (-59 - -12)
28
-6 - (-22 - 1) - (-111 - (4 - 21))
111
-36 + 1 + (-2 - ((3 - 10) + 4))
-34
Evaluate 45 + 10 + -5 + (12 - 0) + 3.
65
What is 3 + -9 + -4 + (-8 - 8)?
-26
What is 3299 - 3232 - (74 + 1)?
-8
Evaluate (-6 - -24) + -35 + 41 + -35.
-11
Calculate (5 - -4) + (-230 - -184) - -65.
28
Calculate -9 - 114 - -67 - (-5 - 14).
-37
-6 + -26 + (-21 - -35 - 8)
-26
(-104 - 40) + 273 - 104
25
Calculate -19 + -3 + -15 + 31 + -21.
-27
What is the value of 81 + -42 + 86 + -85?
40
(7 - (-3 - (5 - 1 - 6)) - 21) + -2
-15
What is the value of (-1 - -5) + (0 - (-13 + -3) - (491 + -553))?
82
What is the value of 26 + -121 + (48 - 95) + 46?
-96
What is the value of -44 + (-37 + 43 - -36) - ((-1 - 52) + 1)?
50
What is the value of 18 - 11 - 5 - (75 + 15)?
-88
What is the value of (4 - -22) + (33 - -7) + -92?
-26
104 - (-61 - -447 - 162)
-120
-323 - -330 - (3 - 53)
57
-5 + 0 - ((16 - 29) + 22)
-14
(58 + 2 - 1) + 0 - (-151 + 135)
75
Evaluate (7 - (-7 + -3)) + -5 + (-3 + 4 - 7).
6
Calculate -17 - -17 - (-14 + 4 - -8).
2
Evaluate -37 - ((-25 - -9) + 10 + 2).
-33
-8 + -27 - -40 - (-8 + 7 + 0 + 9)
-3
Evaluate 42 + -18 + -30 + -6 + 27.
15
What is the value of -24 + (124 - (-4 + 44))?
60
What is 1 + (-16 - (37 + 0 + -31))?
-21
Evaluate 61 + (-62 - (-66 + 79)).
-14
Calculate 0 + -4 + -2 + 15 + -3 + -12 + -9.
-15
144 - 154 - (-4 + 0 + 0 + -16)
10
What is the value of (2 + 5 - (72 + -3)) + -6 + -12 - 12?
-92
What is 39 - (95 + -49) - (32 - (-1 - 5))?
-45
What is the value of -3 + (-55 - 0) + (156 - 138)?
-40
(9 - -3) + (2 - (-7 - -15)) - (-77 + 75)
8
-23 + 9 + 44 - 78
-48
Calculate (3 - (-3 + 2) - 50) + 3291 + -3273.
-28
Calculate 7 + 124 + (-140 - -107).
98
Evaluate (-1806 - -1673) + 9 + 2.
-122
Calculate (24 - 9) + (-1 - -21 - 11).
24
What is the value of (1 - 16) + 2 + -10 + (197 - 150)?
24
-16 + 27 + 9 + 9 + -9 + -13
7
167 - (150 + -54) - 38
33
Evaluate 12 + -1 - (15 + 11 + -15 - 3).
3
83 + -57 + (-6 - -10) + 9 + -6
33
(10 - (3 + -2)) + 141 + -167
-17
Evaluate -148 + 30 + 11 + 19 - -23.
-65
Evaluate (-2 - -5 - -2) + -4 + (-41 - -166) + -121.
5
Calculate 29 + -22 + -78 + 27 + -14.
-58
What is the value of 1 + (12 - 11) - (-26 - 90)?
118
0 + (15 - 19 - -8) - (-6 - 7)
17
Calculate -14 + -18 + -7 + 6 + 5.
-28
Calculate -9 - (-10 + 1 + (9 - 7) + 0 - 23).
21
Calculate (-4 + 8 - (58 + -14 + -19)) + -8.
-29
Calculate (-43 - -78) + -19 + -63.
-47
What is the value of -88 - -85 - -28 - (26 - -1)?
-2
4 - (-2 - 0 - 22) - (25 - (25 + -4))
24
Evaluate 14 - 25 - (-12 - ((-17 - -11) + 37)).
32
What is the value of (9 - (27 + 16 + -73)) + 56?
95
What is 24 - (-6 - -10 - (13 + 46))?
79
What is the value of -1 - -34 - (-408 + 421)?
20
Calculate -41 + (4 - 13) + -39 - 3.
-92
35 - 35 - (4 + 0) - -3 - (142 + -78)
-65
-4 + -49 + 5 + 3 - (-160 - -172)
-57
What is the value of (5 - ((0 - -12) + 7)) + -5 + -5?
-24
What is the value of 1 + 7 + -5 + -5 + (-4 - (-2 - 0))?
-4
What is the value of (0 + 3 - (25 - 18)) + 101 + -108 + 56?
45
Evaluate -11 + (6 + -11 - (44 + -60)) + 62.
62
What is -2217 + 2264 + (-1 - -8)?
54
What is 20 + (-508 - -496 - (-7 - 1))?
16
What is the value of -5 + 23 + (-16 - (21 - -13))?
-32
Calculate (-93 - -56 - -44) + (-3 - (14 - 0)) + 2.
-8
What is 98 + (10 - (-122 + 131 + (1 - -2) - 3))?
99
Evaluate 26 + (-11 - (-12 - 15)) + -21.
21
What is -13 + (-20 + (-13 - -29) - -36)?
19
What is 5 - (-5 - (5 + 0)) - (101 + -104)?
18
3 - (-8 + 16) - (-5 + (-4 - -15) + -54)
43
Evaluate (-3 - -7) + 34 + -10 + -70.
-42
Evaluate (2 - 21) + -1 + 39 + -23 + -15 + 4.
-15
What is the value of 7 - (15 - 13) - (-14 - 7) - 10?
16
Calculate 3 - (75 - 20 - (-12 + 5 - -15)).
-44
What is the value of 28 + 0 + -5 + -4 + -13 - 7?
-1
Calculate -87 + (26 - (64 + -65)).
-60
(-14 - 133) + 8 + (-4 - -9) + 13
-121
Evaluate 7 - -2 - -44 - (28 - 39 - -2).
62
-134 + (-78 - -151) + -4 + (1 - 1 - 1)
-66
What is the value of (77 - 44 - (6 + 0) - 14) + -48?
-35
What is (2 - 0) + (-90 - (-111 + 79))?
-56
Evaluate -2 - (29 + -3 - 2 - (-116 + 77)).
-65
Evaluate -750 + 833 - (6 + 48).
29
What is the value of -42 - -38 - (-7 - 1) - 2 - 17?
-15
(6 - 0) + -6 + -9 - (-26 - (17 - 25))
9
What is 5 - -3 - 16 - (-26 - 6 - -141)?
-117
Calculate 1 + -2 + 6 - (120 - (117 + 29)).
31
0 - 8 - (27 + -62 + -17)
44
What is -13 + 2 + (14 - (26 + -6)) + 19?
2
51 + 2 + 9685 + -9840
-102
What is the value of -87 + (45 - 6) - (0 + 11) - -7?
-52
Evaluate -17 - ((-2 - -10) + -30) - 30.
-25
Evaluate 9 + -5 + 69 + -16 + (-14 - -29).
72
What is -2 + -70 - 2 - (-4737 - -4750)?
-87
Evaluate 7 + 37 + -30 + (115 - 56).
73
Calculate 1 - (3 + 3) - ((20 - 43) + 18 + -15).
15
Evaluate -3 + 1 + -33 + 80 + (1 - 11).
35
Evaluate -23 - -10 - (-146 + -11 + 32).
112
51 - (-16 - 7 - -4 - -18)
52
Calculate 2 + 12 - ((40 - 60) + 42).
-8
-36 + 81 + -21 + (-11 - 1)
12
Calculate 24 + (-24 - (-5 - 10)) + -28 + -4.
-17
25 + 59 - 197 - -47
-66
What is the value of 0 + 0 - 5 - (540 + -356 + -205)?
16
Evaluate 98 - (-1 - (0 - -15 - 0 - (2811 - 2788))).
91
13 + (11 - ((61 - 7) + -28))
-2
Evaluate -1 + 17 + (73 - 110) + 39.
18
Evaluate (78 - (-3 - -61)) + (-25 - 1).
-6
What is the value of (7 - -18) + -14 + (-56 - -52)?
7
(-60 + 28 - -8) + (10 - 14)
-28
Calculate (-3 - -75) + -132 - -71.
11
Evaluate 61 - (-13 + -17 + 52).
39
Calculate 36 - (101 - ((5 - -1) + -14)).
-73
Calculate 20 - (39 + -90 + 44).
27
Evaluate 3 + -11 + -2 - ((22 - (-18 - -26)) + 23).
-47
What is -18 + (16 - 21 - -28 - 7)?
-2
Calculate 13 + -2 - (-1 + -2) - 6.
8
Calculate -95 + (-13 - (-22 - (-2 - -8 - 11))).
-91
Calculate -22 + -16 - (-51 + 20).
-7
-70 + (7 - (-4 - ((-13 - (-9 + -1)) + -4)))
-66
Calculate 43 + -38 + -46 - -28.
-13
What is (18 + -11 + -8 - 30) + (4 - (